g = -836, -p - 5*g + 180 = -2*g. Is 12 a factor of p?
True
Let k(g) = 8*g**3 + 7*g**2 - 4*g - 4. Is k(6) a multiple of 16?
True
Does 3 divide 114/285*(0 - -2385)?
True
Suppose -294 = 2*j + 30. Does 12 divide (2 - 24/9)*j?
True
Suppose -9*r = -5683 - 2012. Does 104 divide r?
False
Suppose 0 = 474*w - 467*w - 5243. Is 107 a factor of w?
True
Suppose -704 = 11*g - 3014. Does 15 divide g?
True
Let q(h) = 2*h**2 - h + 7. Let f be q(-5). Let g = f + -107. Let m = 69 + g. Does 12 divide m?
True
Let t(i) = -5 - 5 - 3 - i**2 + 11 + 9*i. Let n(l) = -l**2 - 6*l + 2. Let r be n(-5). Is 4 a factor of t(r)?
True
Let s(i) = 26*i**2 - 3*i + 13. Is 2 a factor of s(2)?
False
Suppose 2*j - 74 = -5*u, 5*j - 166 = -0*u - 3*u. Does 8 divide j?
True
Suppose -65*q = -70*q + 2420. Is 22 a factor of q?
True
Let p = -2331 + 3811. Does 40 divide p?
True
Suppose 3*d + 1077 = 5*t - 5624, 3*t - 4017 = 3*d. Is 22 a factor of t?
True
Let j(y) = y**2 - 9*y + 12. Suppose 3*n - c - 30 = 0, -n - 2 = 4*c - 25. Is j(n) a multiple of 6?
False
Suppose -5*h - 89*h = -228608. Is 19 a factor of h?
True
Does 4 divide 2123/2 - ((-162)/(-12))/9?
True
Let z(s) = -28*s + 56. Is z(-7) a multiple of 6?
True
Let u = -449 + 1025. Is u a multiple of 18?
True
Let o(w) = -6*w + 3 + 13*w + 1. Let v be o(-4). Let q = -10 - v. Does 14 divide q?
True
Let a(y) = 2 - y - 1 + 4 - 2*y**3 + 5*y**2 + 4*y. Let l be a(-4). Let k = l + -131. Does 18 divide k?
False
Let g = -776 + 1064. Is 48 a factor of g?
True
Let z(y) = -y**3 + 17*y**2 - 14*y + 4. Let r be ((-48)/30)/(2/(-20)). Is z(r) a multiple of 12?
True
Let w(t) = 2*t - 22. Let l be w(15). Suppose -4*r = 2*p - 102, 2*r + p - 2*p - 57 = 0. Does 28 divide 4/l*2 + r?
True
Let a = 775 - -467. Does 46 divide a?
True
Let i be ((-4)/(-30) - 0) + 7132/60. Suppose 3*a - 61 = i. Does 30 divide a?
True
Let k(f) = -12 + 9 + 0*f**2 - 3*f**2 - 2*f**2. Let r be k(-4). Let g = r - -131. Is g a multiple of 24?
True
Let a(b) = 87*b - 14. Let u(t) = -174*t + 29. Let w(r) = 13*a(r) + 6*u(r). Is 23 a factor of w(3)?
True
Let a(r) = 2*r**2 - 3. Let c be a(2). Suppose -c*s + 153 = -397. Is s a multiple of 11?
True
Suppose 559*h - 556*h - 2646 = 0. Is h a multiple of 63?
True
Suppose 0 = 10*m - 5*m - 20. Suppose 57 = 3*w + 7*q - m*q, 35 = 2*w - q. Is w a multiple of 7?
False
Let q = -8 + 19. Suppose -q + 56 = 5*h. Suppose -316 = -h*x + 5*x. Does 12 divide x?
False
Suppose g - 289 = -0*g. Does 55 divide g?
False
Suppose -9 = -3*h, 3*c + 4*h - 32 = 2*c. Is c a multiple of 4?
True
Let o = 1238 - 709. Is o a multiple of 16?
False
Let z(n) = -n**3 + 12*n**2 + 21*n - 7. Let a be z(14). Let p = a - -235. Is p a multiple of 26?
True
Let q(h) = h + 92. Is q(-20) a multiple of 9?
True
Let y(k) be the second derivative of 7*k**3/6 - 7*k**2/2 - 5*k. Let b be y(13). Suppose -5*p + b = -p. Is 11 a factor of p?
False
Let v(t) = -6*t. Let g be v(1). Let k(r) = -r**3 - 6*r**2 - r - 4. Let y be k(g). Suppose -y*w - 2 + 9 = 3*u, -65 = -5*w + 2*u. Does 11 divide w?
True
Suppose 3*q = 4*w + 665, -2*q - 5*w = -5*q + 664. Let s = q - 106. Is 12 a factor of s?
False
Let a = 74 + -72. Suppose 3*v - 5*w = 173, a*w = -v + 81 - 5. Is 23 a factor of v?
False
Let h(q) = -q**3 + 21*q**2 - 32*q - 21. Does 4 divide h(19)?
False
Let a(k) = k**2 - 5*k + 8. Let j be a(4). Suppose 0 = j*n - 2*f + 6*f - 132, 4*n = 3*f + 153. Is n a multiple of 12?
True
Let l(r) = 2*r**2 + 7*r - 3. Let n(m) be the first derivative of -m**3 - 7*m**2/2 + 4*m - 2. Let w(v) = 4*l(v) + 3*n(v). Is 6 a factor of w(3)?
True
Let m(g) = -g**3 + 5*g + 2. Let z be m(-2). Let s be (21/6)/((-4)/(-400)). Suppose -o - 4*o + s = z. Is 12 a factor of o?
False
Suppose 2*q + 2621 = 5*a, -7*a + 6*a = -4*q - 517. Is 5 a factor of a?
True
Suppose -11*y + 1013 + 340 = 0. Does 41 divide y?
True
Suppose -30 - 10 = -i - 2*h, 2*i = -2*h + 82. Suppose 2*x = -0*x + 28. Suppose m = -x + i. Is m a multiple of 14?
True
Let y be 1*(-2 - (3 + -4)). Let z = 21 + y. Is z a multiple of 4?
True
Let z(o) = o - 21. Let g be z(0). Let x = 36 + g. Does 6 divide x?
False
Suppose 0*v + v - 69 = -3*l, 0 = -l - 3*v + 23. Let f = 19 - l. Let i(b) = b**3 + 3*b**2 - 4*b + 5. Does 5 divide i(f)?
True
Suppose 2026 = -15*i + 9586. Is 10 a factor of i?
False
Let n be (18/3)/((-6)/(-556)). Let b = -296 + n. Does 10 divide b/12 + (-1)/(-3)?
False
Let c = -78 + 68. Is 544/7 - c/35 a multiple of 26?
True
Let x be -8*(4 + 2/8 + -2). Does 2 divide x/(-30) - 94/(-20)*2?
True
Let k = 137 - 56. Let j = -56 + k. Does 11 divide j?
False
Let r = 66 - 65. Let u(n) = 126*n - 7. Does 17 divide u(r)?
True
Suppose -3*q + 5*q = 0. Suppose 0 = -q*r + r - 352. Is (r/(-24))/(4/(-18)) a multiple of 22?
True
Let d = 9 - -6. Let t(x) = 6*x - 26. Is 16 a factor of t(d)?
True
Suppose -2*p + 55 + 229 = 0. Is p a multiple of 33?
False
Suppose 380 = -100*n + 21780. Is n a multiple of 7?
False
Suppose 0 = 5*w - 6 - 24. Suppose w = -y + 202. Does 52 divide y?
False
Suppose 3*q - 21 = -5*t, 0*q - 4*t = -5*q - 2. Suppose 0 = q*a - a + 12. Is 13 + -3*4/a a multiple of 14?
True
Let t = -25 - -32. Suppose t*y + 240 = 11*y. Does 13 divide y?
False
Let w = 115 - -19. Let p = w - 82. Does 26 divide p?
True
Let m be ((-48)/32)/(6/(-16)). Let z(p) = 6*p - 1 + 3*p - 7*p + m*p + p**2. Is z(-9) a multiple of 8?
False
Let x = 989 + -805. Is x a multiple of 8?
True
Let t be (-5)/(-20)*(4 - (1 - 1)). Let l(i) = 5*i + 7*i + 1 - i. Does 12 divide l(t)?
True
Let m = 25 + -5. Suppose 0 = -y - 5*q + m, -5*q - 2 - 3 = -4*y. Suppose -6 - 35 = -4*u - y*h, u - 2*h = -6. Does 3 divide u?
False
Is ((2303/14)/(-7))/(5/(-530)) a multiple of 36?
False
Suppose -4*t = -4*o - 3964 + 1040, -5*t + 3676 = 2*o. Is t a multiple of 12?
False
Let x = -20 + 36. Is x/6*((-180)/8)/(-3) a multiple of 8?
False
Is (-14)/((-140)/16410) - (1 - 0) a multiple of 19?
False
Suppose 2*h = 4*h - 4. Does 9 divide h + (-6)/(-2) + (-228)/(-2)?
False
Suppose -3*q + 6 = -0. Let o be 12/4*(-1 - -7). Suppose q*t = 4*t - o. Is 2 a factor of t?
False
Let k(y) = -5*y**3 - 20*y**2 + 21*y - 6. Is k(-7) even?
True
Let q = 27 - 25. Is 6 a factor of (-9)/(q + (-21)/6)?
True
Suppose 4*l - 19 = 5. Suppose -l = 3*n + b + 2*b, -b = 2*n - 1. Suppose 2*m + 40 = n*m. Does 16 divide m?
False
Let u(x) = -x**2 + 5*x - 2. Let j be u(5). Let n be (-1 + 0/2)*j. Suppose 3*d - 6*d = -z - 42, -28 = -n*d - 5*z. Does 5 divide d?
False
Is ((-765)/(-68) - 15)/(2/(-56)) a multiple of 20?
False
Suppose 3*w + 0*w + 43 = 4*g, 0 = -4*w + 3*g - 55. Let i(k) = -10*k - 9. Is i(w) a multiple of 5?
False
Let o be (-708)/(-9) - (-12)/9. Suppose 0 = 5*c - 9 - 1. Is 19 a factor of (o/(-4))/(c/(-5))?
False
Let x(i) = 3*i**3 - 4*i**2 + 11*i + 8. Is x(5) a multiple of 13?
True
Suppose -5*s - 98 = -4*r - 23, r - 25 = -5*s. Suppose 9 = -y + r. Is 19 a factor of 4 + y + 2 + 2?
True
Let y be (-288)/(-20) - 4/10. Let z = -12 + y. Suppose 8*p - z*p = 126. Is 9 a factor of p?
False
Does 51 divide (-4)/2*(-51051)/182?
True
Suppose 6*z - 466 + 118 = 0. Is 2 a factor of z?
True
Let a = -1121 + 2009. Is a a multiple of 24?
True
Let f(l) = 7*l**3 - 3*l**2 - l - 3. Let d(s) = 8*s**3 - 4*s**2 - s - 4. Let g(w) = -3*d(w) + 4*f(w). Let i be g(-1). Is ((-2)/1 - 37)/i even?
False
Suppose 3*b + 5 = 2*t + 18, t = 3*b - 11. Suppose -u - 2*u - 4*x + 7 = 0, b*u - x = 2. Let z(k) = 18*k - 2. Is 8 a factor of z(u)?
True
Does 12 divide (-8)/36 - (-2110)/18?
False
Suppose 4*m + 4*n = -24, -3*m = -m - 3*n - 8. Let g = m - -6. Suppose 3*d + 249 = g*p, d + 2*d - 318 = -5*p. Does 21 divide p?
True
Suppose -19*v + 520 = -3280. Does 5 divide v?
True
Let t(p) = 57*p**3 - 2*p**2 - 4*p + 13. Does 29 divide t(2)?
False
Let v = 6 + -4. Let u be (-5728)/20 + v/5. Is 13 a factor of (-44)/u - 674/(-13)?
True
Suppose 1379 = -7*g + 5355. Does 4 divide g?
True
Suppose 39*q = 41*q - 616. Suppose -q = -5*a + 157. Does 31 divide a?
True
Suppose 0 = -5*x + 2 - 12. Let w(c) = c + 2. Let n be w(x). Suppose 0 = 4*o - 12, 4*b - o - 313 = n. Does 19 divide b?
False
Suppose -20*f + 1689 + 711 = 0. Is 24 a factor of f?
True
Let p(a) = -a**3 + 6*a**2 + a + 2. Let s(f) = -f**2 + 6*f + 5. Let o be s(6). Is p(o) a multiple of 16?
True
Let c(n) = -5*n. Let x be c(1). Let g(a) = -4*a + 8. Let j(r) = -r**2 - 5*r + 8. Let s(y) = 3*g(y) - 2*j(y). Does 17 divide s(x)?
True
Supp